{"id":4000,"date":"2019-11-13T07:37:01","date_gmt":"2019-11-13T06:37:01","guid":{"rendered":"http:\/\/www.3devolution.it\/?post_type=product&#038;p=4000"},"modified":"2023-05-06T23:42:17","modified_gmt":"2023-05-06T21:42:17","slug":"alfasilk-bianco-organza-o-175-mm-250-gr","status":"publish","type":"product","link":"https:\/\/www.3devolution.it\/index.php\/product\/alfasilk-bianco-organza-o-175-mm-250-gr\/","title":{"rendered":"ALFASILK BIANCO ORGANZA \u00f8 1,75 mm &#8211; 250 gr"},"content":{"rendered":"<div id=\"tab-description\" class=\"panel entry-content\" style=\"display: block;\">\n<div id=\"tab-description\" class=\"panel entry-content\" style=\"display: block;\">Il <strong>ALFASILK <\/strong>di<strong> FILOALFA\u00ae<\/strong> \u00e8 un materiale semplice da stampare, adatto ad ogni tipo di stampante 3D.<br \/>\nL\u2019Acido Polilattico (PLA), sul quale \u00e8 basato, \u00e8 una plastica biodegradabile costituita da risorse naturali rinnovabili e per questo rispetta l\u2019ambiente.La resa estetica <strong>LUCIDA<\/strong> \u00e8 arricchita da un piacevole <strong>riflesso<\/strong> molto simile a quello della <strong>SETA <\/strong>dal quale prende il nome.La gi\u00e0 <strong>ottima resistenza meccanica, e una bassa ritrazione<\/strong>, sono accentuati da una maggiore resistenza agli urti ed elasticit\u00e0 che lo rendono un materiale altamente prestante per svariate applicazioni.Completamente atossico ed inodore stupir\u00e0 per l&#8217;alta adesione tra i layer se stampato a temperature pi\u00f9 elevate.<strong>FILOALFA\u00ae consiglia ALFASILK <\/strong>per stampe rapide ed economiche.<\/p>\n<div><strong>+ Facile da stampare<\/strong><\/div>\n<div><strong>+ Lucido e brillante<br \/>\n<\/strong><\/div>\n<div><strong>+ Atossico e inodore<br \/>\n<\/strong><\/div>\n<div><strong>+ Resistente agli urti<\/strong><\/div>\n<\/div>\n<\/div>\n","protected":false},"excerpt":{"rendered":"<h1>ALFASILK VERDE TAFFET\u00c0 \u00f8 1,75 mm &#8211; 250 gr<\/h1>\n","protected":false},"featured_media":4001,"comment_status":"open","ping_status":"closed","template":"","meta":{"jetpack_post_was_ever_published":false,"jetpack_publicize_message":"","jetpack_publicize_feature_enabled":true,"jetpack_social_post_already_shared":true,"jetpack_social_options":{"image_generator_settings":{"template":"highway","enabled":false},"version":2}},"product_brand":[],"product_cat":[60,112],"product_tag":[],"class_list":{"0":"post-4000","1":"product","2":"type-product","3":"status-publish","4":"has-post-thumbnail","6":"product_cat-filamenti","7":"product_cat-silk","9":"first","10":"instock","11":"taxable","12":"shipping-taxable","13":"purchasable","14":"product-type-simple"},"jetpack_publicize_connections":[],"yoast_head":"<!-- This site is optimized with the Yoast SEO plugin v24.5 - https:\/\/yoast.com\/wordpress\/plugins\/seo\/ -->\n<title>ALFASILK BIANCO ORGANZA \u00f8 1,75 mm - 250 gr - 3Devolution<\/title>\n<meta name=\"robots\" content=\"index, follow, max-snippet:-1, max-image-preview:large, max-video-preview:-1\" \/>\n<link rel=\"canonical\" href=\"https:\/\/www.3devolution.it\/index.php\/product\/alfasilk-bianco-organza-o-175-mm-250-gr\/\" \/>\n<meta property=\"og:locale\" content=\"it_IT\" \/>\n<meta property=\"og:type\" content=\"article\" \/>\n<meta property=\"og:title\" content=\"ALFASILK BIANCO ORGANZA \u00f8 1,75 mm - 250 gr - 3Devolution\" \/>\n<meta property=\"og:description\" content=\"ALFASILK VERDE TAFFET\u00c0 \u00f8 1,75 mm - 250 gr\" \/>\n<meta property=\"og:url\" content=\"https:\/\/www.3devolution.it\/index.php\/product\/alfasilk-bianco-organza-o-175-mm-250-gr\/\" \/>\n<meta property=\"og:site_name\" content=\"3Devolution\" \/>\n<meta property=\"article:publisher\" content=\"https:\/\/www.facebook.com\/3devolution-1474000779504098\/\" \/>\n<meta property=\"article:modified_time\" content=\"2023-05-06T21:42:17+00:00\" \/>\n<meta property=\"og:image\" content=\"https:\/\/www.3devolution.it\/wp-content\/uploads\/2019\/11\/alfasilk.jpg\" \/>\n\t<meta property=\"og:image:width\" content=\"1200\" \/>\n\t<meta property=\"og:image:height\" content=\"1372\" \/>\n\t<meta property=\"og:image:type\" content=\"image\/jpeg\" \/>\n<meta name=\"twitter:card\" content=\"summary_large_image\" \/>\n<meta name=\"twitter:label1\" content=\"Tempo di lettura stimato\" \/>\n\t<meta name=\"twitter:data1\" content=\"1 minuto\" \/>\n<script type=\"application\/ld+json\" class=\"yoast-schema-graph\">{\"@context\":\"https:\/\/schema.org\",\"@graph\":[{\"@type\":\"WebPage\",\"@id\":\"https:\/\/www.3devolution.it\/index.php\/product\/alfasilk-bianco-organza-o-175-mm-250-gr\/\",\"url\":\"https:\/\/www.3devolution.it\/index.php\/product\/alfasilk-bianco-organza-o-175-mm-250-gr\/\",\"name\":\"ALFASILK BIANCO ORGANZA \u00f8 1,75 mm - 250 gr - 3Devolution\",\"isPartOf\":{\"@id\":\"https:\/\/www.3devolution.it\/#website\"},\"primaryImageOfPage\":{\"@id\":\"https:\/\/www.3devolution.it\/index.php\/product\/alfasilk-bianco-organza-o-175-mm-250-gr\/#primaryimage\"},\"image\":{\"@id\":\"https:\/\/www.3devolution.it\/index.php\/product\/alfasilk-bianco-organza-o-175-mm-250-gr\/#primaryimage\"},\"thumbnailUrl\":\"https:\/\/www.3devolution.it\/wp-content\/uploads\/2019\/11\/alfasilk.jpg\",\"datePublished\":\"2019-11-13T06:37:01+00:00\",\"dateModified\":\"2023-05-06T21:42:17+00:00\",\"breadcrumb\":{\"@id\":\"https:\/\/www.3devolution.it\/index.php\/product\/alfasilk-bianco-organza-o-175-mm-250-gr\/#breadcrumb\"},\"inLanguage\":\"it-IT\",\"potentialAction\":[{\"@type\":\"ReadAction\",\"target\":[\"https:\/\/www.3devolution.it\/index.php\/product\/alfasilk-bianco-organza-o-175-mm-250-gr\/\"]}]},{\"@type\":\"ImageObject\",\"inLanguage\":\"it-IT\",\"@id\":\"https:\/\/www.3devolution.it\/index.php\/product\/alfasilk-bianco-organza-o-175-mm-250-gr\/#primaryimage\",\"url\":\"https:\/\/www.3devolution.it\/wp-content\/uploads\/2019\/11\/alfasilk.jpg\",\"contentUrl\":\"https:\/\/www.3devolution.it\/wp-content\/uploads\/2019\/11\/alfasilk.jpg\",\"width\":1200,\"height\":1372},{\"@type\":\"BreadcrumbList\",\"@id\":\"https:\/\/www.3devolution.it\/index.php\/product\/alfasilk-bianco-organza-o-175-mm-250-gr\/#breadcrumb\",\"itemListElement\":[{\"@type\":\"ListItem\",\"position\":1,\"name\":\"Home\",\"item\":\"https:\/\/www.3devolution.it\/\"},{\"@type\":\"ListItem\",\"position\":2,\"name\":\"Shop\",\"item\":\"https:\/\/www.3devolution.it\/index.php\/negozio\/\"},{\"@type\":\"ListItem\",\"position\":3,\"name\":\"ALFASILK BIANCO ORGANZA \u00f8 1,75 mm &#8211; 250 gr\"}]},{\"@type\":\"WebSite\",\"@id\":\"https:\/\/www.3devolution.it\/#website\",\"url\":\"https:\/\/www.3devolution.it\/\",\"name\":\"3Devolution\",\"description\":\"Tutto per la stampa 3d, filamenti, stampanti 3d\",\"potentialAction\":[{\"@type\":\"SearchAction\",\"target\":{\"@type\":\"EntryPoint\",\"urlTemplate\":\"https:\/\/www.3devolution.it\/?s={search_term_string}\"},\"query-input\":{\"@type\":\"PropertyValueSpecification\",\"valueRequired\":true,\"valueName\":\"search_term_string\"}}],\"inLanguage\":\"it-IT\"}]}<\/script>\n<!-- \/ Yoast SEO plugin. -->","yoast_head_json":{"title":"ALFASILK BIANCO ORGANZA \u00f8 1,75 mm - 250 gr - 3Devolution","robots":{"index":"index","follow":"follow","max-snippet":"max-snippet:-1","max-image-preview":"max-image-preview:large","max-video-preview":"max-video-preview:-1"},"canonical":"https:\/\/www.3devolution.it\/index.php\/product\/alfasilk-bianco-organza-o-175-mm-250-gr\/","og_locale":"it_IT","og_type":"article","og_title":"ALFASILK BIANCO ORGANZA \u00f8 1,75 mm - 250 gr - 3Devolution","og_description":"ALFASILK VERDE TAFFET\u00c0 \u00f8 1,75 mm - 250 gr","og_url":"https:\/\/www.3devolution.it\/index.php\/product\/alfasilk-bianco-organza-o-175-mm-250-gr\/","og_site_name":"3Devolution","article_publisher":"https:\/\/www.facebook.com\/3devolution-1474000779504098\/","article_modified_time":"2023-05-06T21:42:17+00:00","og_image":[{"width":1200,"height":1372,"url":"https:\/\/www.3devolution.it\/wp-content\/uploads\/2019\/11\/alfasilk.jpg","type":"image\/jpeg"}],"twitter_card":"summary_large_image","twitter_misc":{"Tempo di lettura stimato":"1 minuto"},"schema":{"@context":"https:\/\/schema.org","@graph":[{"@type":"WebPage","@id":"https:\/\/www.3devolution.it\/index.php\/product\/alfasilk-bianco-organza-o-175-mm-250-gr\/","url":"https:\/\/www.3devolution.it\/index.php\/product\/alfasilk-bianco-organza-o-175-mm-250-gr\/","name":"ALFASILK BIANCO ORGANZA \u00f8 1,75 mm - 250 gr - 3Devolution","isPartOf":{"@id":"https:\/\/www.3devolution.it\/#website"},"primaryImageOfPage":{"@id":"https:\/\/www.3devolution.it\/index.php\/product\/alfasilk-bianco-organza-o-175-mm-250-gr\/#primaryimage"},"image":{"@id":"https:\/\/www.3devolution.it\/index.php\/product\/alfasilk-bianco-organza-o-175-mm-250-gr\/#primaryimage"},"thumbnailUrl":"https:\/\/www.3devolution.it\/wp-content\/uploads\/2019\/11\/alfasilk.jpg","datePublished":"2019-11-13T06:37:01+00:00","dateModified":"2023-05-06T21:42:17+00:00","breadcrumb":{"@id":"https:\/\/www.3devolution.it\/index.php\/product\/alfasilk-bianco-organza-o-175-mm-250-gr\/#breadcrumb"},"inLanguage":"it-IT","potentialAction":[{"@type":"ReadAction","target":["https:\/\/www.3devolution.it\/index.php\/product\/alfasilk-bianco-organza-o-175-mm-250-gr\/"]}]},{"@type":"ImageObject","inLanguage":"it-IT","@id":"https:\/\/www.3devolution.it\/index.php\/product\/alfasilk-bianco-organza-o-175-mm-250-gr\/#primaryimage","url":"https:\/\/www.3devolution.it\/wp-content\/uploads\/2019\/11\/alfasilk.jpg","contentUrl":"https:\/\/www.3devolution.it\/wp-content\/uploads\/2019\/11\/alfasilk.jpg","width":1200,"height":1372},{"@type":"BreadcrumbList","@id":"https:\/\/www.3devolution.it\/index.php\/product\/alfasilk-bianco-organza-o-175-mm-250-gr\/#breadcrumb","itemListElement":[{"@type":"ListItem","position":1,"name":"Home","item":"https:\/\/www.3devolution.it\/"},{"@type":"ListItem","position":2,"name":"Shop","item":"https:\/\/www.3devolution.it\/index.php\/negozio\/"},{"@type":"ListItem","position":3,"name":"ALFASILK BIANCO ORGANZA \u00f8 1,75 mm &#8211; 250 gr"}]},{"@type":"WebSite","@id":"https:\/\/www.3devolution.it\/#website","url":"https:\/\/www.3devolution.it\/","name":"3Devolution","description":"Tutto per la stampa 3d, filamenti, stampanti 3d","potentialAction":[{"@type":"SearchAction","target":{"@type":"EntryPoint","urlTemplate":"https:\/\/www.3devolution.it\/?s={search_term_string}"},"query-input":{"@type":"PropertyValueSpecification","valueRequired":true,"valueName":"search_term_string"}}],"inLanguage":"it-IT"}]}},"jetpack_sharing_enabled":true,"_links":{"self":[{"href":"https:\/\/www.3devolution.it\/index.php\/wp-json\/wp\/v2\/product\/4000","targetHints":{"allow":["GET"]}}],"collection":[{"href":"https:\/\/www.3devolution.it\/index.php\/wp-json\/wp\/v2\/product"}],"about":[{"href":"https:\/\/www.3devolution.it\/index.php\/wp-json\/wp\/v2\/types\/product"}],"replies":[{"embeddable":true,"href":"https:\/\/www.3devolution.it\/index.php\/wp-json\/wp\/v2\/comments?post=4000"}],"wp:featuredmedia":[{"embeddable":true,"href":"https:\/\/www.3devolution.it\/index.php\/wp-json\/wp\/v2\/media\/4001"}],"wp:attachment":[{"href":"https:\/\/www.3devolution.it\/index.php\/wp-json\/wp\/v2\/media?parent=4000"}],"wp:term":[{"taxonomy":"product_brand","embeddable":true,"href":"https:\/\/www.3devolution.it\/index.php\/wp-json\/wp\/v2\/product_brand?post=4000"},{"taxonomy":"product_cat","embeddable":true,"href":"https:\/\/www.3devolution.it\/index.php\/wp-json\/wp\/v2\/product_cat?post=4000"},{"taxonomy":"product_tag","embeddable":true,"href":"https:\/\/www.3devolution.it\/index.php\/wp-json\/wp\/v2\/product_tag?post=4000"}],"curies":[{"name":"wp","href":"https:\/\/api.w.org\/{rel}","templated":true}]}}