{"id":3117,"date":"2018-12-18T15:35:47","date_gmt":"2018-12-18T14:35:47","guid":{"rendered":"http:\/\/dev.3devolution.it\/index.php\/product\/grafylon%ef%bf%bd-3d-pla-175-mm-700-g\/"},"modified":"2024-08-19T02:24:04","modified_gmt":"2024-08-19T00:24:04","slug":"grafylon-3d-pla-175-mm-700-g","status":"publish","type":"product","link":"https:\/\/www.3devolution.it\/index.php\/product\/grafylon-3d-pla-175-mm-700-g\/","title":{"rendered":"GRAFYLON\u00ae 3D &#8211; PLA \u00d8 1,75 mm &#8211; 700 g"},"content":{"rendered":"<div id=\"tab-product-description\" class=\"ui-tabs-panel ui-widget-content ui-corner-bottom\">\n<div class=\"description\">\n<p style=\"font-size: 12px; font-family: sans-serif;\"><span style=\"font-size: 14px;\">FiloAlfa Grafylon 3d \u00e8 il PLA rivoluzionario nato dall&#8217;esperienza di FiloAlfa e Directa Plus.<br \/>\nUn filamento per la stampa 3D additivato con Graphene Plus, per offrire ottime prestazioni meccaniche ed estetiche.<br \/>\nFiloAlfa Grafylon 3d \u00e8 adatto alle pi\u00f9 diffuse stampanti in commercio ed \u00e8 completamente atossico e inodore fino ad alte temperature.<br \/>\nUn filamento speciale dalle eccezionali caratteristiche fisiche di resistenza meccanica e conducibilit\u00e0 termica, associate ad una finitura superficiale altamente definita con una semplicit\u00e0 di stampa impagabile.<br \/>\nRispetto ad un PLA tradizionale Grafylon 3d \u00e8 in grado di offrire:<\/span><\/p>\n<ul style=\"font-size: 12px; font-family: sans-serif;\">\n<li style=\"list-style-type: none;\">\n<ul style=\"font-size: 12px; font-family: sans-serif;\">\n<li style=\"font-size: 12px;\"><span style=\"font-size: 14px;\"><span style=\"font-size: 14px; font-family: Arial, Helvetica, sans-serif; line-height: 21px;\">Peso<br \/>\nModulo elastico: + 34%<br \/>\nResistenza alla trazione: + 23%<br \/>\nCapacit\u00e0 allungamento: + 28%<br \/>\nConducibilit\u00e0 termica: +100% (da 0,1915 a 0,385 w\/mk)<br \/>\n<\/span><\/span><\/li>\n<\/ul>\n<\/li>\n<\/ul>\n<p>La conducibilit\u00e0 termica si traduce in riduzione dei tempi di stampa e miglior definizione anche in oggetti di piccole dimensioni.<br \/>\nFiloAlfa consiglia Grafylon 3d per prototipi complessi e dall&#8217;elevato impatto estetico.<\/p>\n<p>Diametro<br \/>\n1.75 mm<\/p>\n<\/div>\n<\/div>\n","protected":false},"excerpt":{"rendered":"<p>GRAFYLON\ufffd 3D \u00d8 1,75 mm &#8211; 700 g (0,700kg. \u00d8 1,75mm.)<\/p>\n","protected":false},"featured_media":3546,"comment_status":"open","ping_status":"closed","template":"","meta":{"jetpack_post_was_ever_published":false,"jetpack_publicize_message":"","jetpack_publicize_feature_enabled":true,"jetpack_social_post_already_shared":true,"jetpack_social_options":{"image_generator_settings":{"template":"highway","enabled":false},"version":2}},"product_brand":[],"product_cat":[60,132,103],"product_tag":[],"class_list":{"0":"post-3117","1":"product","2":"type-product","3":"status-publish","4":"has-post-thumbnail","6":"product_cat-filamenti","7":"product_cat-graf","8":"product_cat-speciali","10":"first","11":"instock","12":"taxable","13":"shipping-taxable","14":"purchasable","15":"product-type-simple"},"jetpack_publicize_connections":[],"yoast_head":"<!-- This site is optimized with the Yoast SEO plugin v24.5 - https:\/\/yoast.com\/wordpress\/plugins\/seo\/ -->\n<title>GRAFYLON\u00ae 3D - PLA \u00d8 1,75 mm - 700 g - 3Devolution<\/title>\n<meta name=\"robots\" content=\"index, follow, max-snippet:-1, max-image-preview:large, max-video-preview:-1\" \/>\n<link rel=\"canonical\" href=\"https:\/\/www.3devolution.it\/index.php\/product\/grafylon-3d-pla-175-mm-700-g\/\" \/>\n<meta property=\"og:locale\" content=\"it_IT\" \/>\n<meta property=\"og:type\" content=\"article\" \/>\n<meta property=\"og:title\" content=\"GRAFYLON\u00ae 3D - PLA \u00d8 1,75 mm - 700 g - 3Devolution\" \/>\n<meta property=\"og:description\" content=\"GRAFYLON\ufffd 3D \u00d8 1,75 mm - 700 g (0,700kg. \u00d8 1,75mm.)\" \/>\n<meta property=\"og:url\" content=\"https:\/\/www.3devolution.it\/index.php\/product\/grafylon-3d-pla-175-mm-700-g\/\" \/>\n<meta property=\"og:site_name\" content=\"3Devolution\" \/>\n<meta property=\"article:publisher\" content=\"https:\/\/www.facebook.com\/3devolution-1474000779504098\/\" \/>\n<meta property=\"article:modified_time\" content=\"2024-08-19T00:24:04+00:00\" \/>\n<meta property=\"og:image\" content=\"https:\/\/www.3devolution.it\/wp-content\/uploads\/2018\/12\/pla-grafilon-175-mm-700-g-2.jpg\" \/>\n\t<meta property=\"og:image:width\" content=\"695\" \/>\n\t<meta property=\"og:image:height\" content=\"500\" \/>\n\t<meta property=\"og:image:type\" content=\"image\/jpeg\" \/>\n<meta name=\"twitter:card\" content=\"summary_large_image\" \/>\n<meta name=\"twitter:label1\" content=\"Tempo di lettura stimato\" \/>\n\t<meta name=\"twitter:data1\" content=\"1 minuto\" \/>\n<script type=\"application\/ld+json\" class=\"yoast-schema-graph\">{\"@context\":\"https:\/\/schema.org\",\"@graph\":[{\"@type\":\"WebPage\",\"@id\":\"https:\/\/www.3devolution.it\/index.php\/product\/grafylon-3d-pla-175-mm-700-g\/\",\"url\":\"https:\/\/www.3devolution.it\/index.php\/product\/grafylon-3d-pla-175-mm-700-g\/\",\"name\":\"GRAFYLON\u00ae 3D - PLA \u00d8 1,75 mm - 700 g - 3Devolution\",\"isPartOf\":{\"@id\":\"https:\/\/www.3devolution.it\/#website\"},\"primaryImageOfPage\":{\"@id\":\"https:\/\/www.3devolution.it\/index.php\/product\/grafylon-3d-pla-175-mm-700-g\/#primaryimage\"},\"image\":{\"@id\":\"https:\/\/www.3devolution.it\/index.php\/product\/grafylon-3d-pla-175-mm-700-g\/#primaryimage\"},\"thumbnailUrl\":\"https:\/\/www.3devolution.it\/wp-content\/uploads\/2018\/12\/pla-grafilon-175-mm-700-g-2.jpg\",\"datePublished\":\"2018-12-18T14:35:47+00:00\",\"dateModified\":\"2024-08-19T00:24:04+00:00\",\"breadcrumb\":{\"@id\":\"https:\/\/www.3devolution.it\/index.php\/product\/grafylon-3d-pla-175-mm-700-g\/#breadcrumb\"},\"inLanguage\":\"it-IT\",\"potentialAction\":[{\"@type\":\"ReadAction\",\"target\":[\"https:\/\/www.3devolution.it\/index.php\/product\/grafylon-3d-pla-175-mm-700-g\/\"]}]},{\"@type\":\"ImageObject\",\"inLanguage\":\"it-IT\",\"@id\":\"https:\/\/www.3devolution.it\/index.php\/product\/grafylon-3d-pla-175-mm-700-g\/#primaryimage\",\"url\":\"https:\/\/www.3devolution.it\/wp-content\/uploads\/2018\/12\/pla-grafilon-175-mm-700-g-2.jpg\",\"contentUrl\":\"https:\/\/www.3devolution.it\/wp-content\/uploads\/2018\/12\/pla-grafilon-175-mm-700-g-2.jpg\",\"width\":695,\"height\":500,\"caption\":\"GRAFYLON\ufffd 3D - PLA &#216; 1,75 mm - 700 g\"},{\"@type\":\"BreadcrumbList\",\"@id\":\"https:\/\/www.3devolution.it\/index.php\/product\/grafylon-3d-pla-175-mm-700-g\/#breadcrumb\",\"itemListElement\":[{\"@type\":\"ListItem\",\"position\":1,\"name\":\"Home\",\"item\":\"https:\/\/www.3devolution.it\/\"},{\"@type\":\"ListItem\",\"position\":2,\"name\":\"Shop\",\"item\":\"https:\/\/www.3devolution.it\/index.php\/negozio\/\"},{\"@type\":\"ListItem\",\"position\":3,\"name\":\"GRAFYLON\u00ae 3D &#8211; PLA \u00d8 1,75 mm &#8211; 700 g\"}]},{\"@type\":\"WebSite\",\"@id\":\"https:\/\/www.3devolution.it\/#website\",\"url\":\"https:\/\/www.3devolution.it\/\",\"name\":\"3Devolution\",\"description\":\"Tutto per la stampa 3d, filamenti, stampanti 3d\",\"potentialAction\":[{\"@type\":\"SearchAction\",\"target\":{\"@type\":\"EntryPoint\",\"urlTemplate\":\"https:\/\/www.3devolution.it\/?s={search_term_string}\"},\"query-input\":{\"@type\":\"PropertyValueSpecification\",\"valueRequired\":true,\"valueName\":\"search_term_string\"}}],\"inLanguage\":\"it-IT\"}]}<\/script>\n<!-- \/ Yoast SEO plugin. -->","yoast_head_json":{"title":"GRAFYLON\u00ae 3D - PLA \u00d8 1,75 mm - 700 g - 3Devolution","robots":{"index":"index","follow":"follow","max-snippet":"max-snippet:-1","max-image-preview":"max-image-preview:large","max-video-preview":"max-video-preview:-1"},"canonical":"https:\/\/www.3devolution.it\/index.php\/product\/grafylon-3d-pla-175-mm-700-g\/","og_locale":"it_IT","og_type":"article","og_title":"GRAFYLON\u00ae 3D - PLA \u00d8 1,75 mm - 700 g - 3Devolution","og_description":"GRAFYLON\ufffd 3D \u00d8 1,75 mm - 700 g (0,700kg. \u00d8 1,75mm.)","og_url":"https:\/\/www.3devolution.it\/index.php\/product\/grafylon-3d-pla-175-mm-700-g\/","og_site_name":"3Devolution","article_publisher":"https:\/\/www.facebook.com\/3devolution-1474000779504098\/","article_modified_time":"2024-08-19T00:24:04+00:00","og_image":[{"width":695,"height":500,"url":"https:\/\/www.3devolution.it\/wp-content\/uploads\/2018\/12\/pla-grafilon-175-mm-700-g-2.jpg","type":"image\/jpeg"}],"twitter_card":"summary_large_image","twitter_misc":{"Tempo di lettura stimato":"1 minuto"},"schema":{"@context":"https:\/\/schema.org","@graph":[{"@type":"WebPage","@id":"https:\/\/www.3devolution.it\/index.php\/product\/grafylon-3d-pla-175-mm-700-g\/","url":"https:\/\/www.3devolution.it\/index.php\/product\/grafylon-3d-pla-175-mm-700-g\/","name":"GRAFYLON\u00ae 3D - PLA \u00d8 1,75 mm - 700 g - 3Devolution","isPartOf":{"@id":"https:\/\/www.3devolution.it\/#website"},"primaryImageOfPage":{"@id":"https:\/\/www.3devolution.it\/index.php\/product\/grafylon-3d-pla-175-mm-700-g\/#primaryimage"},"image":{"@id":"https:\/\/www.3devolution.it\/index.php\/product\/grafylon-3d-pla-175-mm-700-g\/#primaryimage"},"thumbnailUrl":"https:\/\/www.3devolution.it\/wp-content\/uploads\/2018\/12\/pla-grafilon-175-mm-700-g-2.jpg","datePublished":"2018-12-18T14:35:47+00:00","dateModified":"2024-08-19T00:24:04+00:00","breadcrumb":{"@id":"https:\/\/www.3devolution.it\/index.php\/product\/grafylon-3d-pla-175-mm-700-g\/#breadcrumb"},"inLanguage":"it-IT","potentialAction":[{"@type":"ReadAction","target":["https:\/\/www.3devolution.it\/index.php\/product\/grafylon-3d-pla-175-mm-700-g\/"]}]},{"@type":"ImageObject","inLanguage":"it-IT","@id":"https:\/\/www.3devolution.it\/index.php\/product\/grafylon-3d-pla-175-mm-700-g\/#primaryimage","url":"https:\/\/www.3devolution.it\/wp-content\/uploads\/2018\/12\/pla-grafilon-175-mm-700-g-2.jpg","contentUrl":"https:\/\/www.3devolution.it\/wp-content\/uploads\/2018\/12\/pla-grafilon-175-mm-700-g-2.jpg","width":695,"height":500,"caption":"GRAFYLON\ufffd 3D - PLA &#216; 1,75 mm - 700 g"},{"@type":"BreadcrumbList","@id":"https:\/\/www.3devolution.it\/index.php\/product\/grafylon-3d-pla-175-mm-700-g\/#breadcrumb","itemListElement":[{"@type":"ListItem","position":1,"name":"Home","item":"https:\/\/www.3devolution.it\/"},{"@type":"ListItem","position":2,"name":"Shop","item":"https:\/\/www.3devolution.it\/index.php\/negozio\/"},{"@type":"ListItem","position":3,"name":"GRAFYLON\u00ae 3D &#8211; PLA \u00d8 1,75 mm &#8211; 700 g"}]},{"@type":"WebSite","@id":"https:\/\/www.3devolution.it\/#website","url":"https:\/\/www.3devolution.it\/","name":"3Devolution","description":"Tutto per la stampa 3d, filamenti, stampanti 3d","potentialAction":[{"@type":"SearchAction","target":{"@type":"EntryPoint","urlTemplate":"https:\/\/www.3devolution.it\/?s={search_term_string}"},"query-input":{"@type":"PropertyValueSpecification","valueRequired":true,"valueName":"search_term_string"}}],"inLanguage":"it-IT"}]}},"jetpack_sharing_enabled":true,"_links":{"self":[{"href":"https:\/\/www.3devolution.it\/index.php\/wp-json\/wp\/v2\/product\/3117","targetHints":{"allow":["GET"]}}],"collection":[{"href":"https:\/\/www.3devolution.it\/index.php\/wp-json\/wp\/v2\/product"}],"about":[{"href":"https:\/\/www.3devolution.it\/index.php\/wp-json\/wp\/v2\/types\/product"}],"replies":[{"embeddable":true,"href":"https:\/\/www.3devolution.it\/index.php\/wp-json\/wp\/v2\/comments?post=3117"}],"wp:featuredmedia":[{"embeddable":true,"href":"https:\/\/www.3devolution.it\/index.php\/wp-json\/wp\/v2\/media\/3546"}],"wp:attachment":[{"href":"https:\/\/www.3devolution.it\/index.php\/wp-json\/wp\/v2\/media?parent=3117"}],"wp:term":[{"taxonomy":"product_brand","embeddable":true,"href":"https:\/\/www.3devolution.it\/index.php\/wp-json\/wp\/v2\/product_brand?post=3117"},{"taxonomy":"product_cat","embeddable":true,"href":"https:\/\/www.3devolution.it\/index.php\/wp-json\/wp\/v2\/product_cat?post=3117"},{"taxonomy":"product_tag","embeddable":true,"href":"https:\/\/www.3devolution.it\/index.php\/wp-json\/wp\/v2\/product_tag?post=3117"}],"curies":[{"name":"wp","href":"https:\/\/api.w.org\/{rel}","templated":true}]}}