{"id":217,"date":"2018-05-10T05:26:39","date_gmt":"2018-05-10T05:26:39","guid":{"rendered":"http:\/\/localhost\/ciya-shop-sample-data\/?page_id=217"},"modified":"2018-09-20T15:22:05","modified_gmt":"2018-09-20T13:22:05","slug":"shipping-method","status":"publish","type":"page","link":"https:\/\/www.3devolution.it\/index.php\/shipping-method\/","title":{"rendered":"Spedizione"},"content":{"rendered":"<div class=\"wpb-content-wrapper\"><p>[vc_row pgscore_enable_responsive_settings=&#8221;true&#8221; el_id=&#8221;1508825502537-88c73f3e-2ff0&#8243; css=&#8221;.vc_custom_1537449607630{margin-top: 50px !important;padding-bottom: 50px !important;}&#8221; element_css_xs=&#8221;.vc_custom_1537449607636{padding-bottom: 40px !important;}&#8221;][vc_column offset=&#8221;vc_col-lg-5 vc_col-md-6&#8243; css=&#8221;.vc_custom_1537449634563{padding-right: 20% !important;padding-left: 20% !important;}&#8221;][vc_single_image image=&#8221;242&#8243; img_size=&#8221;full&#8221; alignment=&#8221;center&#8221;][\/vc_column][vc_column offset=&#8221;vc_col-lg-7 vc_col-md-6&#8243; css=&#8221;.vc_custom_1537449719497{margin-top: 45px !important;}&#8221;][vc_custom_heading text=&#8221;Corierre Espresso&#8221; font_container=&#8221;tag:h4|text_align:left&#8221; use_theme_fonts=&#8221;yes&#8221; css=&#8221;.vc_custom_1537448770856{margin-bottom: 20px !important;}&#8221;][vc_column_text css=&#8221;.vc_custom_1537449482819{margin-bottom: 20px !important;}&#8221;]<strong>Effettuiamo spedizioni in tutta Italia, isole comprese. <\/strong>I prodotti da te ordinati vengono spediti entro la data indicato al momento dell\u2019ordine nel caso di pagamenti istantanei (carta di credito o contrassegno) i tempi sono pi\u00f9 brevi, nel caso di pagamento tramite bonifico bancario anticipato il tuo ordine verr\u00e0 evaso dopo la ricezione del pagamento.<\/p>\n<p>I corrieri effettuano le consegne dal luned\u00ec al venerd\u00ec dalle ore 9.00 alle 18.00. Per facilitare la consegna \u00e8 possibile comunque richiedere una fascia oraria di preferenza.<strong><br \/>\n<\/strong>[\/vc_column_text][\/vc_column][\/vc_row]<\/p>\n<\/div>","protected":false},"excerpt":{"rendered":"<p>[vc_row pgscore_enable_responsive_settings=&#8221;true&#8221; el_id=&#8221;1508825502537-88c73f3e-2ff0&#8243; css=&#8221;.vc_custom_1537449607630{margin-top: 50px !important;padding-bottom: 50px !important;}&#8221; element_css_xs=&#8221;.vc_custom_1537449607636{padding-bottom: 40px !important;}&#8221;][vc_column offset=&#8221;vc_col-lg-5 vc_col-md-6&#8243; css=&#8221;.vc_custom_1537449634563{padding-right: 20% !important;padding-left: 20% !important;}&#8221;][vc_single_image image=&#8221;242&#8243; img_size=&#8221;full&#8221; alignment=&#8221;center&#8221;][\/vc_column][vc_column offset=&#8221;vc_col-lg-7 vc_col-md-6&#8243; css=&#8221;.vc_custom_1537449719497{margin-top: 45px !important;}&#8221;][vc_custom_heading text=&#8221;Corierre Espresso&#8221; font_container=&#8221;tag:h4|text_align:left&#8221; use_theme_fonts=&#8221;yes&#8221; css=&#8221;.vc_custom_1537448770856{margin-bottom: 20px !important;}&#8221;][vc_column_text css=&#8221;.vc_custom_1537449482819{margin-bottom: 20px !important;}&#8221;]Effettuiamo spedizioni in tutta Italia, isole comprese. I prodotti da te ordinati vengono spediti entro la data indicato al momento<\/p>\n","protected":false},"author":1,"featured_media":0,"parent":0,"menu_order":0,"comment_status":"closed","ping_status":"closed","template":"templates\/full-width.php","meta":{"jetpack_post_was_ever_published":false,"footnotes":""},"class_list":["post-217","page","type-page","status-publish","hentry"],"yoast_head":"<!-- This site is optimized with the Yoast SEO plugin v24.5 - https:\/\/yoast.com\/wordpress\/plugins\/seo\/ -->\n<title>Spedizione - 3Devolution<\/title>\n<meta name=\"robots\" content=\"index, follow, max-snippet:-1, max-image-preview:large, max-video-preview:-1\" \/>\n<link rel=\"canonical\" href=\"https:\/\/www.3devolution.it\/index.php\/shipping-method\/\" \/>\n<meta property=\"og:locale\" content=\"it_IT\" \/>\n<meta property=\"og:type\" content=\"article\" \/>\n<meta property=\"og:title\" content=\"Spedizione - 3Devolution\" \/>\n<meta property=\"og:description\" content=\"[vc_row pgscore_enable_responsive_settings=&#8221;true&#8221; el_id=&#8221;1508825502537-88c73f3e-2ff0&#8243; css=&#8221;.vc_custom_1537449607630{margin-top: 50px !important;padding-bottom: 50px !important;}&#8221; element_css_xs=&#8221;.vc_custom_1537449607636{padding-bottom: 40px !important;}&#8221;][vc_column offset=&#8221;vc_col-lg-5 vc_col-md-6&#8243; css=&#8221;.vc_custom_1537449634563{padding-right: 20% !important;padding-left: 20% !important;}&#8221;][vc_single_image image=&#8221;242&#8243; img_size=&#8221;full&#8221; alignment=&#8221;center&#8221;][\/vc_column][vc_column offset=&#8221;vc_col-lg-7 vc_col-md-6&#8243; css=&#8221;.vc_custom_1537449719497{margin-top: 45px !important;}&#8221;][vc_custom_heading text=&#8221;Corierre Espresso&#8221; font_container=&#8221;tag:h4|text_align:left&#8221; use_theme_fonts=&#8221;yes&#8221; css=&#8221;.vc_custom_1537448770856{margin-bottom: 20px !important;}&#8221;][vc_column_text css=&#8221;.vc_custom_1537449482819{margin-bottom: 20px !important;}&#8221;]Effettuiamo spedizioni in tutta Italia, isole comprese. I prodotti da te ordinati vengono spediti entro la data indicato al momento\" \/>\n<meta property=\"og:url\" content=\"https:\/\/www.3devolution.it\/index.php\/shipping-method\/\" \/>\n<meta property=\"og:site_name\" content=\"3Devolution\" \/>\n<meta property=\"article:publisher\" content=\"https:\/\/www.facebook.com\/3devolution-1474000779504098\/\" \/>\n<meta property=\"article:modified_time\" content=\"2018-09-20T13:22:05+00:00\" \/>\n<meta property=\"og:image\" content=\"https:\/\/www.3devolution.it\/wp-content\/uploads\/2018\/09\/3devolution.jpg\" \/>\n\t<meta property=\"og:image:width\" content=\"300\" \/>\n\t<meta property=\"og:image:height\" content=\"176\" \/>\n\t<meta property=\"og:image:type\" content=\"image\/jpeg\" \/>\n<meta name=\"twitter:card\" content=\"summary_large_image\" \/>\n<meta name=\"twitter:label1\" content=\"Tempo di lettura stimato\" \/>\n\t<meta name=\"twitter:data1\" content=\"1 minuto\" \/>\n<script type=\"application\/ld+json\" class=\"yoast-schema-graph\">{\"@context\":\"https:\/\/schema.org\",\"@graph\":[{\"@type\":\"WebPage\",\"@id\":\"https:\/\/www.3devolution.it\/index.php\/shipping-method\/\",\"url\":\"https:\/\/www.3devolution.it\/index.php\/shipping-method\/\",\"name\":\"Spedizione - 3Devolution\",\"isPartOf\":{\"@id\":\"https:\/\/www.3devolution.it\/#website\"},\"datePublished\":\"2018-05-10T05:26:39+00:00\",\"dateModified\":\"2018-09-20T13:22:05+00:00\",\"breadcrumb\":{\"@id\":\"https:\/\/www.3devolution.it\/index.php\/shipping-method\/#breadcrumb\"},\"inLanguage\":\"it-IT\",\"potentialAction\":[{\"@type\":\"ReadAction\",\"target\":[\"https:\/\/www.3devolution.it\/index.php\/shipping-method\/\"]}]},{\"@type\":\"BreadcrumbList\",\"@id\":\"https:\/\/www.3devolution.it\/index.php\/shipping-method\/#breadcrumb\",\"itemListElement\":[{\"@type\":\"ListItem\",\"position\":1,\"name\":\"Home\",\"item\":\"https:\/\/www.3devolution.it\/\"},{\"@type\":\"ListItem\",\"position\":2,\"name\":\"Spedizione\"}]},{\"@type\":\"WebSite\",\"@id\":\"https:\/\/www.3devolution.it\/#website\",\"url\":\"https:\/\/www.3devolution.it\/\",\"name\":\"3Devolution\",\"description\":\"Tutto per la stampa 3d, filamenti, stampanti 3d\",\"potentialAction\":[{\"@type\":\"SearchAction\",\"target\":{\"@type\":\"EntryPoint\",\"urlTemplate\":\"https:\/\/www.3devolution.it\/?s={search_term_string}\"},\"query-input\":{\"@type\":\"PropertyValueSpecification\",\"valueRequired\":true,\"valueName\":\"search_term_string\"}}],\"inLanguage\":\"it-IT\"}]}<\/script>\n<!-- \/ Yoast SEO plugin. -->","yoast_head_json":{"title":"Spedizione - 3Devolution","robots":{"index":"index","follow":"follow","max-snippet":"max-snippet:-1","max-image-preview":"max-image-preview:large","max-video-preview":"max-video-preview:-1"},"canonical":"https:\/\/www.3devolution.it\/index.php\/shipping-method\/","og_locale":"it_IT","og_type":"article","og_title":"Spedizione - 3Devolution","og_description":"[vc_row pgscore_enable_responsive_settings=&#8221;true&#8221; el_id=&#8221;1508825502537-88c73f3e-2ff0&#8243; css=&#8221;.vc_custom_1537449607630{margin-top: 50px !important;padding-bottom: 50px !important;}&#8221; element_css_xs=&#8221;.vc_custom_1537449607636{padding-bottom: 40px !important;}&#8221;][vc_column offset=&#8221;vc_col-lg-5 vc_col-md-6&#8243; css=&#8221;.vc_custom_1537449634563{padding-right: 20% !important;padding-left: 20% !important;}&#8221;][vc_single_image image=&#8221;242&#8243; img_size=&#8221;full&#8221; alignment=&#8221;center&#8221;][\/vc_column][vc_column offset=&#8221;vc_col-lg-7 vc_col-md-6&#8243; css=&#8221;.vc_custom_1537449719497{margin-top: 45px !important;}&#8221;][vc_custom_heading text=&#8221;Corierre Espresso&#8221; font_container=&#8221;tag:h4|text_align:left&#8221; use_theme_fonts=&#8221;yes&#8221; css=&#8221;.vc_custom_1537448770856{margin-bottom: 20px !important;}&#8221;][vc_column_text css=&#8221;.vc_custom_1537449482819{margin-bottom: 20px !important;}&#8221;]Effettuiamo spedizioni in tutta Italia, isole comprese. I prodotti da te ordinati vengono spediti entro la data indicato al momento","og_url":"https:\/\/www.3devolution.it\/index.php\/shipping-method\/","og_site_name":"3Devolution","article_publisher":"https:\/\/www.facebook.com\/3devolution-1474000779504098\/","article_modified_time":"2018-09-20T13:22:05+00:00","og_image":[{"width":300,"height":176,"url":"https:\/\/www.3devolution.it\/wp-content\/uploads\/2018\/09\/3devolution.jpg","type":"image\/jpeg"}],"twitter_card":"summary_large_image","twitter_misc":{"Tempo di lettura stimato":"1 minuto"},"schema":{"@context":"https:\/\/schema.org","@graph":[{"@type":"WebPage","@id":"https:\/\/www.3devolution.it\/index.php\/shipping-method\/","url":"https:\/\/www.3devolution.it\/index.php\/shipping-method\/","name":"Spedizione - 3Devolution","isPartOf":{"@id":"https:\/\/www.3devolution.it\/#website"},"datePublished":"2018-05-10T05:26:39+00:00","dateModified":"2018-09-20T13:22:05+00:00","breadcrumb":{"@id":"https:\/\/www.3devolution.it\/index.php\/shipping-method\/#breadcrumb"},"inLanguage":"it-IT","potentialAction":[{"@type":"ReadAction","target":["https:\/\/www.3devolution.it\/index.php\/shipping-method\/"]}]},{"@type":"BreadcrumbList","@id":"https:\/\/www.3devolution.it\/index.php\/shipping-method\/#breadcrumb","itemListElement":[{"@type":"ListItem","position":1,"name":"Home","item":"https:\/\/www.3devolution.it\/"},{"@type":"ListItem","position":2,"name":"Spedizione"}]},{"@type":"WebSite","@id":"https:\/\/www.3devolution.it\/#website","url":"https:\/\/www.3devolution.it\/","name":"3Devolution","description":"Tutto per la stampa 3d, filamenti, stampanti 3d","potentialAction":[{"@type":"SearchAction","target":{"@type":"EntryPoint","urlTemplate":"https:\/\/www.3devolution.it\/?s={search_term_string}"},"query-input":{"@type":"PropertyValueSpecification","valueRequired":true,"valueName":"search_term_string"}}],"inLanguage":"it-IT"}]}},"jetpack_sharing_enabled":true,"jetpack_shortlink":"https:\/\/wp.me\/PagsL8-3v","_links":{"self":[{"href":"https:\/\/www.3devolution.it\/index.php\/wp-json\/wp\/v2\/pages\/217","targetHints":{"allow":["GET"]}}],"collection":[{"href":"https:\/\/www.3devolution.it\/index.php\/wp-json\/wp\/v2\/pages"}],"about":[{"href":"https:\/\/www.3devolution.it\/index.php\/wp-json\/wp\/v2\/types\/page"}],"author":[{"embeddable":true,"href":"https:\/\/www.3devolution.it\/index.php\/wp-json\/wp\/v2\/users\/1"}],"replies":[{"embeddable":true,"href":"https:\/\/www.3devolution.it\/index.php\/wp-json\/wp\/v2\/comments?post=217"}],"version-history":[{"count":7,"href":"https:\/\/www.3devolution.it\/index.php\/wp-json\/wp\/v2\/pages\/217\/revisions"}],"predecessor-version":[{"id":705,"href":"https:\/\/www.3devolution.it\/index.php\/wp-json\/wp\/v2\/pages\/217\/revisions\/705"}],"wp:attachment":[{"href":"https:\/\/www.3devolution.it\/index.php\/wp-json\/wp\/v2\/media?parent=217"}],"curies":[{"name":"wp","href":"https:\/\/api.w.org\/{rel}","templated":true}]}}